3796 - -3776) + (-1 - (1 - 0) - 82).
-104
Evaluate 1 - (-19 + (24 + 9 - 15) + (4 - 2)).
0
What is the value of -5 + (-2 - (10 + -6)) + 21 - -88?
98
Calculate (1 - 18) + (-82 - -96) + -8.
-11
Calculate 11335 + -11389 - (54 + -1).
-107
Evaluate 41 + 2 - -5 - 4 - (53 + -43).
34
Evaluate (-15 - -68) + -109 - (-11 + 25).
-70
What is -17 + -16 - 25 - 30 - -27?
-61
Calculate 56 - (-18 - (39 - 80)) - 140.
-107
Evaluate (-2 + 0 - -8) + (5 - -22) + (3 - 21).
15
What is 50 - (39 - -64) - (-22 - 1)?
-30
Calculate -9 - (-1095 + 1080 - (60 + -1)).
65
Evaluate 20 - -1 - (94 - (-14 - -101)).
14
What is (1 - -39) + 34 + -26 + 1 + -5?
44
What is the value of (4 - (-43 + 3)) + -4 + 4?
44
Evaluate 17 + -134 - -96 - -90.
69
What is (-37 - -15) + -5 + (-3 - 1)?
-31
-56 - (47 + -42 + -50)
-11
Evaluate 78 - 144 - (42 - 10 - (2 - -12)).
-84
Evaluate 16 - (-39 - -49 - -3).
3
Evaluate (-28 - -13 - -19 - 3) + (-3 - 7).
-9
Evaluate (-76 - -70) + (307 - 268).
33
Calculate -1 + (-19 - (-17 - -4)) - (-53 + 3).
43
Calculate 10 + (-6 - -6) + 102 + -57.
55
What is (21 - (46 - (0 + 20))) + 52 - -16?
63
What is the value of -8 + -3 + 2 - (190 + -184) - 6?
-21
What is the value of 9 - (4 - -50) - (-73 + 56)?
-28
4 - ((17 - 18) + (-3 - -14)) - -10
4
What is the value of -11 - (-23 - -11 - -3) - -12?
10
What is 62 + (0 - -6 - (-3 + 0 - -6)) + -1?
64
Calculate 8 + (28 - (-27 + -10 + 22 - -31)).
20
Calculate -35 + (24 - (-3 + -6 - -22)) + -2.
-26
0 - (44 + (-11 - 6) - 69)
42
40 + -75 - -37 - -9
11
(-113 - -134) + (-48 - 56) + 2 + -3
-84
Calculate ((30 - 25) + -2 - (1 - -1 - 9)) + -86.
-76
(-14 - (-11 + 19)) + 7 + -1 + -4
-20
Calculate -26 - (18 + 23 + 0 + -25).
-42
-8 + (0 - 5) + 26 + -25 - (-12 - 48)
48
What is 33 + 1 + -117 + (80 - -121)?
118
What is 6 + -74 + -15 + 16 + (8 - 26)?
-85
Evaluate 2 - (-23 + -32 + 64 + 10).
-17
Evaluate 41 + (5 + -17 - 11) + 22.
40
Calculate 4 + (15 - (0 + -1)) + (27 - 236) + 223.
34
What is the value of -11 - ((19 - 0) + -33) - (1 - -6)?
-4
Evaluate -65 + 10 + (-27 - (-22 + 9)) + -19.
-88
Calculate (4 + 5 + -13 - -13) + -45 + 16.
-20
Calculate -17 - (-37 - (4 - 5)) - 64.
-45
What is the value of (-11197 - -11296) + (-1 - 106)?
-8
0 - -1 - -8 - (-31 + 21 + -43)
62
(79 - 33) + -7 - 57
-18
What is the value of 0 - -3 - (0 + -7 + 28 + (19 - -11))?
-48
-286 + 283 - (43 - 2) - (3 + 8)
-55
What is 41 - (121 + -130 - (-7 + -29))?
14
Evaluate 53 - (50 + (-18 - -74)).
-53
What is 58 + 24 + -14 + 0 + 2?
70
What is the value of 1539 - 1569 - (-1 - (-1 - 46))?
-76
What is (-1 + (-5 - 5) - (-32 + 38)) + 80?
63
Evaluate (0 - (2 + -13)) + (87 + -301 - -133).
-70
-18 + (-29 - -45 - 135)
-137
Evaluate -20 + 27 + -25 - -46.
28
What is the value of 2 + 24 + -35 + -3 + 71 - 14?
45
What is the value of 17 - 64 - (3 + 56 + -45)?
-61
What is 8 + (-182 - (66 + -126))?
-114
What is 104 + -90 + 51 - 33?
32
What is (14 - (12 - -6)) + -23 - (11 + -4)?
-34
What is 8 + -13 - 8 - 1 - 34?
-48
Evaluate (21 - 22 - 11 - 4) + 97.
81
Evaluate 1 - (-45 + 24 - -13).
9
What is the value of (-24 - -33 - 105) + 24 + (1 - (0 - -1))?
-72
What is (2 - 22) + 202 + -257 + 4?
-71
Evaluate -788 + 719 - (-8 + -142).
81
What is (3 + -3 - (-22 + -3)) + (-391 - -406)?
40
What is -39 + 52 + (0 - 1) + (-9 - (12 - 31))?
22
Evaluate -6566 + 6620 + (2 - (0 + (1 - 2))) + -5.
52
3 + (-2 - 19) - (62 + -123)
43
What is the value of 52 - (-93 + -18 - -39)?
124
What is the value of -43 + (2 - (-125 + -6))?
90
What is the value of -12 + (-31 - -47) + -15?
-11
-24 - ((27 - 0) + -64) - 4
9
Calculate (-16 - (-17 + 5)) + 5.
1
-1 + 4 + 1 + (48 - 60 - -75)
67
What is 47 + (-92 + 102 - (-1 - -17) - -6)?
47
69 + -132 + -32 + 53
-42
Calculate (-13 - -28) + 3 + -81 - (0 + (4 - 16)).
-51
Calculate 8 + (7 + (-12 - 20) - (9 + 37)).
-63
What is the value of 30 + (212 - 89) + -113?
40
Calculate 199 + -237 + 98 + -8.
52
What is the value of -1 - (-21 + (5 - (17 - 39)))?
-7
(-281 - -150) + 54 - -143
66
1 - -70 - (-850 + 855)
66
Evaluate -887 + 882 + -2 + 99 + -8 + 2.
86
What is 9 + -45 + -126 + 132?
-30
Calculate -54 - -3 - (672 + -696).
-27
50 + -99 - -46 - -36
33
What is the value of -22 - (102 + -122 - 55)?
53
-13 + 0 - (-6 - 60 - -39) - 13 - -45
46
Calculate (-441 - -456) + 3 + 0 + -9.
9
160 + (24 - 51) + -46
87
(73 - -1) + (20 - (-29 + 18 - -7)) + -14
84
Evaluate 81 - (135 - (-24 - -26)).
-52
What is the value of (98 - 1) + (0 - 1) + (-638 - (-830 + 185))?
103
-3 + 87 + -877 + 850
57
47 + (3 - (0 - -8)) + -1
41
Calculate (-4 - -1) + -34 - (12 + 5 + -25 + 16).
-45
What is the value of -24 + 51 + 57 + 1 + -4 + 2?
83
What is the value of (-385 - -469) + -67 + -1?
16
What is (-20 + (-3 - -5 - 3) - (-237 + 235)) + 9?
-10
What is -887 + 837 - (3 + -20)?
-33
What is -64 + (-118 + 143 - (0 + 19))?
-58
What is 17 + (31 + (-37 - -15) - 10)?
16
What is -4 + (-7 - (-2 - (6 + (-8 - -10)))) + 32?
31
-48 - ((196 - 207) + 7 + 1 + (0 - 1))
-44
2 + -1 + 38 - (482 - 475)
32
Evaluate 27 + -14 + -5 + 11 + 3.
22
What is the value of (0 - -4 - -4) + -19 + 12 + -19 - 2?
-20
What is 2 + 71 + (-1 - 6) + 444 + -454?
56
Evaluate -13 + 18 + 8 + -19 - (0 + 27) - 5.
-38
Evaluate 14 + 24 + (-3 - (-6 + (0 - -4))).
37
Calculate 78 - (18 + -100) - 114.
46
Evaluate (-29 + 20 - ((16 - 19) + 1 + -5)) + -13.
-15
-1 + -5 + 10 + (46 - 47 - (2 - 50))
51
Evaluate 9 - 24 - ((12 - 6) + -40 + 38).
-19
What is the value of -13 + (5 - ((-1 - -13) + -22))?
2
What is the value of -60 - (-172 - (-48 + -30))?
34
Evaluate (52 - 31) + -2 + -5 - 1.
13
What is (19 - (29 + -17)) + (8 - -5) + -27?
-7
What is 36377 + -36467 + (0 - 0 - -1)?
-89
What is the value of 22 + -57 + 31 + (42 - 0)?
38
Evaluate -32 - (-67 + (-11 - -28)).
18
What is (6 - 11 - 8) + (-10 - -18) + -10?
-15
79 + 8 - ((0 - (-6 + 28)) + 6)
103
Calculate (-377 - -371) + (-5 - -6 - -29).
24
Evaluate (14 + -1 - (-42 - -45)) + -1 + 23.
32
What is (-106 + 66 - -88) + (-137 - -16)?
-73
37 + -10 + (6 - 19) + 1 + 1
16
Evaluate (0 - (13 + -52) - 0) + 33.
72
12 + 0 - (-17 + (12 - 2))
19
What is the value of 32 + (-70 - -32) + (3 - 16)?
-19
5274 + -5364 - (-226 - 3)
139
-11918 + 11913 + (-3 - 0 - (-1 + 2))
-9
What is 101 + 16 + 106 + -365?
-142
(-6 - -3) + 16 - (-89 - (47 + -129))
20
-65 + -17 - -39 - (-3 + -3 + 0)
-37
-117 + 131 + 38 - -34
86
-10 + 0 + (1 - 0) + (-275 - -360)
76
What is the value of -26 + -10 + -9 + 0?
-45
What is the value of 8 - (43 - (144 + -133))?
-24
What is the value of 64 + (-68 - -6) - (-12 - -60)?
-46
Evaluate -8 - (132 + -18) - -120.
-2
1 + 1 + -12 + (11 - (28 + -10 + 26))
-43
What is -1 + 3 - (180 + (-4 - 172))?
-2
What is (-1073 - -1034) + (-1 - 7) + 1 + 0?
-46
What is (-3 - 1) + (55 - (-110 - -180))?
-19
Calculate (-25 - (8 + -27)) + -7 + 12 - -40.
39
What is the value of (98 + -27 - (1 + 1)) + (-9 - (-7 - -2))?
65
What is the value of (-37 - (-1 + (-4 - 0))) + (-106 - -111)?
-27
Calculate -46 - (-4 - 1 - -3) - ((41 - 34) + -3).
-48
Calculate -285 + 297 + 2 + 17 + -9.
22
What is the value of -48 - ((40 - -1) + (499 - 579))?
-9
Evaluate -4 - (-11 - (27 - 33 - (-9 - -8 - 103))).
105
What is (10 - (6 + -5 + -40)) + 0 + 2 + 4?
55
Calculate -58 + 41 + 186 - 80.
89
What is (-4 + 9 - 4 - -1) + 501 + -512 + 71?
62
What is -235 - -256 - (-29 - -2)?
48
(5 + 17 + (50 - 90) - -17) + (1 - -30)
30
Evaluate (4 + (-2 - (18 - -2)) - -11) + 14.
7
What is the value of -3 + (16 + 1 - 51)?
-37
2 + -61 + 4 - (-20 - -3) - (-6 + 1)
-33
What is the value of (-24 - (9 + -8)) + 5 + 100 + 2?
82
What is -20 + 38 + -8 + -11 + -12?
-13
Evaluate 38 + 86 + -26 + -37.
61
What is -79 - (-53 - (-1 + 67))?
40
What is -4 + 11 + -32 - (15 + -17)?
-23
What is -19 - (-1 + -43) - -28?
53
Calculate 69 + 0 + (6611 - 6739).
-59
What is (-23 - (-77 - -9 - (14 - -6))) + 0?
65
What is 11 - 5 - 106 - -7 - (541 - 523)?
-111
What is the value of 282 - 266 - (2 + 0 + -6 - -95 - -4)?
-79
Calculate 56 + -69 + -6 + -11 + 88 + 4 + -1.
61
What is -48 - 43 - -9 - -42?
-40
What is (-1 - 1) + (-3 - (-7 - (0 + -5) - 10))?
7
Evaluate (-52 - (-64 + 9)) + (-41 - -1 - 3).
-40
9 + -47 + 19 + 2 + -2
-19
-18 + (-16 - (-1 + (0 - 5)))
-28
Evaluate (-3 - -3) + 13 - (1 + -1) - (373 - 373).
13
(-9 + 2 - -2) + (-16 - (10 - 20))
-11
Calculate 21 + -74 + 19 - -9.
-25
5 + (-16 - -11) + 2 + 41 + -2
41
What is 1 + (5 - 3) + (-132 - -80) + 105?
56
What is -155 + 151 - (-13 